ns digit of 23 - (1 + f - 3)?
2
Let p(f) = -f**3 - f**2 + 4*f + 4. Let r be p(-2). Suppose r = 4*j - 136 - 56. What is the units digit of (12/j)/((-2)/(-16))?
2
Let k be ((-18)/15)/((-4)/10). Let p be 80/15 - 1/k. What is the units digit of (-1 - -6)*2/p?
2
Suppose 0 = -5*z + 20*v - 17*v + 17459, -3483 = -z + 5*v. What is the tens digit of z?
9
Let i = -204 + 2157. What is the tens digit of i?
5
Let d(s) = 9*s**2 - 48. What is the units digit of d(13)?
3
Let n(u) = u**2 - 4*u + 28. Let o be (-21)/(-2) + 1 - (-10)/(-20). What is the hundreds digit of n(o)?
1
Let d(b) = b**2 + 8*b. Let s be d(-10). Let v = 10 - s. Let j = 31 + v. What is the units digit of j?
1
Suppose -k + 5 = 14. Let t be (6/k)/((-1)/36). What is the tens digit of (t - -2) + -3 + 2?
2
Suppose -4*h = 3*a - 40, 0*a + a - 61 = -5*h. Suppose -h*n + 356 + 528 = 0. What is the tens digit of n?
6
Let i(h) = -h**3 + 18*h**2 - 5*h - 11. Let a be i(7). Suppose -2*v + 0*j + 214 = 4*j, -5*v + a = -4*j. What is the units digit of v?
1
Suppose -1428 = 9*i - 10194. What is the units digit of i?
4
Suppose 4*f + 12 = 4*b, 0 = -b + 4*f - 0 - 3. Let z = 49 - b. What is the units digit of z?
4
Suppose -5*v - 163 = -43. What is the tens digit of v/36 + (-970)/(-6)?
6
Let l = -53 - -56. Suppose -2*y - 2*z + 272 = -l*z, 0 = 5*y - 4*z - 674. What is the tens digit of y?
3
Suppose 0 = -6*m + 2878 + 704. What is the hundreds digit of m?
5
Suppose 5*i + t = 6567, -5*i + 5*t = -8*i + 3927. Suppose -8*b + 534 + i = 0. What is the tens digit of b?
3
Let r = 677 + -8. What is the tens digit of r?
6
Suppose 2*x + 5*u - 3 = x, 0 = -3*x + 4*u + 9. Let v = x + 0. Suppose -5*s - v*c + c + 48 = 0, 3*c = 2*s - 23. What is the units digit of s?
0
Let z(m) be the second derivative of 7/2*m**2 + 0 - 7/2*m**3 + 9*m. What is the tens digit of z(-3)?
7
What is the hundreds digit of ((-30)/18 + 0)*-471?
7
Let h(x) = -2*x + 17. Let y = 4 + 3. Let i be h(y). Suppose i*s - 5 - 22 = 0. What is the units digit of s?
9
Let u = 15 + 33. Suppose 0 = -3*x - p - u, x + p = -2*p - 24. Let d(b) = -b**3 - 15*b**2 - b - 10. What is the units digit of d(x)?
5
Let d = -10 - -22. Let b be 252/d + 1 + -5. Suppose 4*u = f - 7, 5*u - b = -3*f + 4. What is the units digit of f?
7
Let t(g) = 44*g**2 - 29*g + 256. What is the tens digit of t(9)?
5
Let g(b) = 52*b - 30. Let q(l) = 17*l - 10. Let d(s) = -5*g(s) + 16*q(s). Let k = 24 + -19. What is the tens digit of d(k)?
5
Let y be 868/(-18) + (-26)/(-117). Let c = y - -87. What is the tens digit of c?
3
Let g(m) = -m**2 - 30*m + 35. What is the units digit of g(-20)?
5
What is the tens digit of ((-14638)/7)/(-2) - 39/(-91)?
4
Suppose -u = -4*s + 9899, 1451 = s - 3*u - 1032. What is the units digit of s?
4
Let w(d) = d**2 - 4*d - 4. Let v be w(6). Let j = v + -3. Let p(f) = 5*f. What is the tens digit of p(j)?
2
Let l = 1705 - 977. What is the units digit of l?
8
Suppose 2*a - 4*k = 512, -4*k + 252 = 2*a - 292. Suppose -a - 105 = -9*n. What is the units digit of n?
1
Let k be (3/(-2))/(45/(-2910)). Suppose 49*s - 48*s - k = 0. What is the tens digit of s?
9
Let c(d) = -15*d + 48. What is the hundreds digit of c(-4)?
1
Let j(m) = -5*m - 5. Let c(s) = -s - 5. Let q = -13 - -10. Let r be c(q). What is the units digit of j(r)?
5
Let t be -18*(2 - 5/2). Let i(r) = 3*r. What is the tens digit of i(t)?
2
Let g be (-33 + 33)/(2 - (2 + -1)). Let z(i) = -i + 205. What is the units digit of z(g)?
5
Let a = 11 + -11. Suppose 4*k + k - 120 = a. What is the units digit of (-6)/(-4)*224/k?
4
Suppose 0 = 4*c + 52. Let j(y) = -y**3 - 13*y**2 - 9*y + 8. What is the units digit of j(c)?
5
Let d = 50 - 48. What is the hundreds digit of (-295)/d*42/(-35)?
1
Let o be 4/(-6) + (-1 - 34/(-6)). Suppose o*t = 155 + 53. What is the tens digit of t?
5
Let y be -3 + 12/(-8)*6. Let h be ((-2)/3)/(y/(-72)). What is the tens digit of 0 + h + (31 - 4)?
2
Let q(t) = 5*t**2 + 37*t - 4. What is the tens digit of q(7)?
0
Suppose -27*s - 2530 = -32*s. Suppose 5*q - 3*n = 636, 4*q - n + 0*n = s. What is the units digit of q?
6
Let b(o) = -4*o**2 + 6*o - 4. Let g(u) = 1. Let l(f) = -b(f) - 6*g(f). What is the tens digit of l(3)?
1
Suppose -101 + 249 = 4*y. Suppose -2*i + a = 50, 2*a = 1 + 3. Let o = y + i. What is the tens digit of o?
1
Let v = -592 - -1046. Suppose 2*w + 4*r = v, -4*r + 225 = -w + 2*w. Suppose -55 = 6*c - w. What is the units digit of c?
9
Let h = 822 - 817. What is the units digit of h?
5
Suppose -4*b + 2*k + 2 = 0, -8 - 14 = -5*b - 4*k. Suppose -3*z + 72 = 3*j, b*z - 5*j = 5*z - 70. What is the tens digit of z?
2
Let v = 76 - 73. Let y(c) = -3*c - 1. Let n be y(-4). What is the units digit of 26 - n - (v + 1)?
1
Let f be ((-12)/(-8))/(1/2). Suppose -n + 3*h + 6 = -f*n, 5*n + 1 = -4*h. What is the units digit of n?
3
Suppose 63 + 261 = 3*b. Let q(m) = -30*m - 73. Let j be q(-5). Let c = b - j. What is the tens digit of c?
3
Suppose 2*j - 28 = -q + 22, -q - 31 = -j. Let a = -4 + j. What is the units digit of a?
3
Let r(n) = n**3 - 11*n**2 + 8*n + 4. Let k be r(10). Let f be k/(-4)*(-6)/4. Let a = 12 - f. What is the units digit of a?
8
Suppose 0 = 2*j - 3*r - 16, -3*j = -2*j + r + 2. Suppose -t - 266 = -5*v, -j*v + v - 5*t = -48. What is the tens digit of v?
5
Suppose -878 = 5*y - 3*d - 6152, 6 = 3*d. What is the hundreds digit of y?
0
Suppose 9*m + 114 = 7*m. Let d = 117 + m. What is the units digit of d?
0
Let t = 326 + -464. What is the units digit of 170/(-51)*t/4?
5
Suppose -3*t + 217 = -t + w, 0 = 2*t + 3*w - 211. What is the hundreds digit of t?
1
Let z(i) = 3*i**3 - 6*i**2 + 2*i + 3. Let j(f) = f**3 - f. Let o(m) = 2*j(m) - z(m). Let g be o(5). Suppose -140 = -g*k - 3*k. What is the tens digit of k?
2
Let q(c) = c**2 - 7*c + 2. Let v(t) = t**2 + 2. Let l be v(2). Let i be q(l). What is the units digit of ((-56)/12)/(i/6)?
7
Let h(j) = -j**3 - 9*j**2 - 9*j + 1. Let i(s) = -s**3 + 3*s**2 - 3*s. Let m be i(3). What is the units digit of h(m)?
2
Let b(v) = v. Let h(g) = 20. Let a be 11/22 - 3/2. Let s(l) = a*h(l) + 3*b(l). What is the units digit of s(9)?
7
Suppose -c = -1, 4*i - 5*c - 160 - 143 = 0. Let u = -165 + i. Let l = -40 - u. What is the tens digit of l?
4
Let m be (15/3 - 2) + 2. Let y(l) = 0*l**2 + 0*l**3 - l**3 + 7 + 5*l**2 - 5*l + l**2. What is the units digit of y(m)?
7
Suppose -3*f = 15*f - 4626. Let w = f + 11. What is the tens digit of w?
6
Suppose 3*a = -a + 20. Suppose -2 = a*i - 82. Suppose i = 2*h - 6. What is the tens digit of h?
1
Let g(q) = -q + 80. Let s be g(0). What is the tens digit of (s/(-4))/(-5) - -33?
3
Suppose -2240 = 22*i - 26*i. Suppose -i = -7*a + 805. What is the units digit of a?
5
Suppose -5*t + 252 = 2*r - 9*t, 378 = 3*r - 2*t. What is the hundreds digit of r?
1
Let s = 13 + -9. Let p be 8 - (-4)/(s/(-3)). Suppose -p*o + 187 + 53 = 0. What is the tens digit of o?
4
Let q = -127 + 201. Suppose 3*s = -f + q, -4*s = -s - 4*f - 49. What is the units digit of s?
3
Suppose -2*c = 3*y - 49, 0 = 4*y + 3*c - 20 - 44. Let i = 24 - y. Suppose b + i*j - 4 = 2, -2*b = j - 3. What is the units digit of b?
1
Let a = -7348 + 10984. What is the tens digit of a?
3
Let s(l) be the second derivative of l**7/420 + l**6/180 + l**4/24 + 2*l**3/3 + 4*l. Let z(m) be the second derivative of s(m). What is the tens digit of z(2)?
2
Let h = -170 - -243. What is the units digit of h?
3
Let q(g) = -g**2 + 5*g + 10. Let t be q(7). Let x(u) = -92 - 20*u + 86 + 16*u. What is the tens digit of x(t)?
1
Let m(d) = -5*d + 33. Let t be m(0). Suppose -3*j + 3 - 4 = p, 3*p + j = 37. What is the units digit of p/3 + 11/t?
5
Let p(v) = 2*v**2 - 3. Let u(h) = -h**2 + 2*h - 9. Let l(o) = 1. Let m(y) = -6*l(y) - u(y). Let f be m(2). What is the tens digit of p(f)?
1
What is the hundreds digit of 60/80*(-2472)/(-1)?
8
What is the hundreds digit of 2/(-7) + 54036/84?
6
Let r = 393 + -245. Suppose 5*j - 66 = -2*n, -7*n + 3*n - 2*j + r = 0. What is the units digit of n?
8
Suppose 0 = 2*f + m - 62, 5*f + 5*m = m + 152. Suppose 0 = -n - z + 7, -4*n - 3*z = 2*z - f. What is the units digit of n?
3
What is the units digit of 56838/30 + 14/35?
5
Suppose 3*o + 2 = -2*z - 0, 10 = 3*z - 2*o. Let u(f) = -7*f - 4 + 0*f + z*f. What is the tens digit of u(-3)?
1
Suppose 2*o = 3*q - 3, -3*o + 5*q - 3 - 4 = 0. Let p be (-11)/33 -